{"id":14016,"date":"2026-04-23T10:38:26","date_gmt":"2026-04-23T08:38:26","guid":{"rendered":"https:\/\/www.automobiles-caveng.ch\/mercedes-benz\/?page_id=14016"},"modified":"2026-04-23T11:21:11","modified_gmt":"2026-04-23T09:21:11","slug":"annonce","status":"publish","type":"page","link":"https:\/\/www.automobiles-caveng.ch\/mercedes-benz\/annonce\/","title":{"rendered":"Offre d&#8217;emploi"},"content":{"rendered":"\t\t<div data-elementor-type=\"wp-page\" data-elementor-id=\"14016\" class=\"elementor elementor-14016\">\n\t\t\t\t<div class=\"has_eae_slider elementor-element elementor-element-df62f8b e-flex e-con-boxed e-con e-parent\" data-eae-slider=\"73829\" data-id=\"df62f8b\" data-element_type=\"container\" data-e-type=\"container\">\n\t\t\t\t\t<div class=\"e-con-inner\">\n\t\t\t\t<div class=\"elementor-element elementor-element-0502126 elementor-widget elementor-widget-text-editor\" data-id=\"0502126\" data-element_type=\"widget\" data-e-type=\"widget\" data-widget_type=\"text-editor.default\">\n\t\t\t\t<div class=\"elementor-widget-container\">\n\t\t\t\t\t\t\t\t\t<p class=\"p1\"><span class=\"s12\">Aujourd\u2019hui,<\/span> <span class=\"s12\">en<\/span> <span class=\"s12\">pr\u00e9vision<\/span> <span class=\"s12\">du<\/span> <span class=\"s12\">d\u00e9part<\/span> <span class=\"s12\">\u00e0<\/span> <span class=\"s12\">la<\/span> <span class=\"s12\">retraite<\/span> <span class=\"s12\">d\u2019un<\/span> <span class=\"s12\">de<\/span> <span class=\"s12\">nos<\/span> <span class=\"s12\">collaborateurs,<\/span> <span class=\"s12\">nous <\/span>mettons au concours le poste de :<\/p><h5 class=\"p5\"><span style=\"color: #ffffff; font-family: Arial, Helvetica, sans-serif;\"><span class=\"s13\"><b>Responsable<\/b><\/span><b> <\/b><span class=\"s13\"><b>finance,<\/b><\/span><b> <\/b><span class=\"s13\"><b>administration<\/b><\/span><b> <\/b><span class=\"s13\"><b>et<\/b><\/span><b> <\/b><\/span><span class=\"s13\"><span style=\"color: #ffffff; font-family: Arial, Helvetica, sans-serif;\"><b>RH<\/b><\/span><b><\/b><\/span><\/h5><p class=\"p1\"><span class=\"s12\">Le<\/span> <span class=\"s12\">ou<\/span> <span class=\"s12\">la<\/span> <span class=\"s12\">candidat\/e<\/span> <span class=\"s12\">devra<\/span> <span class=\"s12\">r\u00e9pondre<\/span> <span class=\"s12\">aux<\/span> <span class=\"s12\">crit\u00e8res<\/span> <span class=\"s12\">suivants<\/span> <span class=\"s16\">:<\/span><\/p><p class=\"p9\">Profil <span class=\"s16\">:<\/span><\/p><ul class=\"ul1\"><li class=\"li10\"><span class=\"s18\"><b>Pratique<\/b><\/span><b> <\/b><span class=\"s18\"><b>et<\/b><\/span><b> <\/b><span class=\"s18\"><b>comp\u00e9tences<\/b><\/span><b> <\/b><span class=\"s18\"><b>confirm\u00e9es<\/b><\/span><b> <\/b>dans les domaines de la finance, la <span class=\"s12\">comptabilit\u00e9,<\/span> <span class=\"s12\">la<\/span> <span class=\"s12\">fiscalit\u00e9,<\/span> <span class=\"s12\">l\u2019administration<\/span> <span class=\"s12\">g\u00e9n\u00e9rale,<\/span> <span class=\"s12\">la<\/span> <span class=\"s12\">gestion<\/span> <span class=\"s12\">du<\/span> <span class=\"s12\">personnel<\/span> <span class=\"s12\">et<\/span> <span class=\"s12\">des <\/span>salaires, l\u2019organisation informatique<\/li><li class=\"li11\">Bonne connaissance du tissu \u00e9conomique genevois et de ses <span class=\"s3\">institutions<\/span><\/li><li class=\"li12\"><span class=\"s3\">Polyvalence<\/span><\/li><li class=\"li11\"><span class=\"s10\">Vision<\/span> <span class=\"s10\">globale<\/span> <span class=\"s10\">et<\/span> <span class=\"s10\">d\u00e9taill\u00e9e<\/span> <span class=\"s10\">de<\/span> <span class=\"s10\">tous<\/span> <span class=\"s10\">les<\/span> <span class=\"s10\">secteurs<\/span> <span class=\"s10\">op\u00e9rationnels<\/span><\/li><li class=\"li11\"><span class=\"s12\">Volontaire,<\/span> <span class=\"s12\">dynamique,<\/span> <span class=\"s12\">ouvert<\/span> <span class=\"s12\">\u00e0<\/span> <span class=\"s12\">la<\/span> <span class=\"s12\">communication<\/span> <span class=\"s12\">et<\/span> <span class=\"s12\">\u00e0<\/span> <span class=\"s12\">l\u2019\u00e9coute<\/span><\/li><li class=\"li11\"><span class=\"s10\">Capacit\u00e9<\/span> <span class=\"s10\">d\u2019analyse<\/span> <span class=\"s10\">et<\/span> <span class=\"s10\">de<\/span> <span class=\"s10\">prise<\/span> <span class=\"s10\">de<\/span> <span class=\"s10\">d\u00e9cision<\/span><\/li><\/ul><p class=\"p13\">Mission <span class=\"s16\">:<\/span><\/p><ul class=\"ul1\"><li class=\"li12\"><span class=\"s10\">Responsabilit\u00e9<\/span> <span class=\"s10\">du<\/span> <span class=\"s10\">d\u00e9partement<\/span> <span class=\"s10\">comptabilit\u00e9<\/span> <span class=\"s10\">\u2013<\/span> <span class=\"s10\">finance<\/span> <span class=\"s10\">et<\/span> <span class=\"s10\">RH<\/span><\/li><li class=\"li11\"><span class=\"s10\">Etablir<\/span> <span class=\"s10\">et<\/span> <span class=\"s10\">tenir<\/span> <span class=\"s10\">\u00e0<\/span> <span class=\"s10\">jour<\/span> <span class=\"s10\">les<\/span> <span class=\"s10\">tableaux<\/span> <span class=\"s10\">de<\/span> <span class=\"s10\">bords<\/span> <span class=\"s10\">n\u00e9cessaires<\/span> <span class=\"s10\">\u00e0<\/span> <span class=\"s10\">la<\/span> <span class=\"s10\">Direction<\/span><\/li><li class=\"li12\"><span class=\"s10\">Suivi<\/span> <span class=\"s10\">et<\/span> <span class=\"s10\">gestion<\/span> <span class=\"s10\">de<\/span> <span class=\"s10\">la<\/span> <span class=\"s10\">tr\u00e9sorerie<\/span><\/li><li class=\"li11\"><span class=\"s10\">Suivi<\/span> <span class=\"s10\">des<\/span> <span class=\"s10\">d\u00e9biteurs<\/span> <span class=\"s10\">et<\/span> <span class=\"s10\">gestion<\/span> <span class=\"s10\">des<\/span> <span class=\"s10\">contentieux<\/span><\/li><li class=\"li14\"><span class=\"s10\">R\u00e9aliser<\/span> <span class=\"s10\">le<\/span> <span class=\"s10\">bouclement<\/span> <span class=\"s10\">comptable<\/span> <span class=\"s10\">et<\/span> <span class=\"s10\">le<\/span> <span class=\"s10\">soumettre<\/span> <span class=\"s10\">\u00e0<\/span> <span class=\"s10\">l\u2019organe<\/span> <span class=\"s10\">de<\/span> <span class=\"s10\">r\u00e9vision<\/span> <span class=\"s10\">jusqu\u2019\u00e0 <\/span>sa validation finale<\/li><li class=\"li11\"><span class=\"s17\">Traitement<\/span> <span class=\"s17\">des<\/span> <span class=\"s17\">salaires<\/span><\/li><li class=\"li12\"><span class=\"s10\">Responsabilit\u00e9<\/span> <span class=\"s10\">de<\/span> <span class=\"s10\">deux<\/span> <span class=\"s10\">collaborateurs\/trices<\/span> <span class=\"s10\">direct\/es<\/span><\/li><li class=\"li15\"><span class=\"s12\">Supervision<\/span> <span class=\"s12\">de<\/span> <span class=\"s12\">l\u2019ensemble<\/span> <span class=\"s12\">de<\/span> <span class=\"s12\">l\u2019activit\u00e9<\/span> <span class=\"s12\">administrative<\/span> <span class=\"s12\">de<\/span> <span class=\"s12\">l\u2019entreprise<\/span> <span class=\"s12\">y<\/span> <span class=\"s12\">compris<\/span> <span class=\"s12\">la <\/span>partie financi\u00e8re du back-office vente<\/li><li class=\"li16\"><span class=\"s12\">Participation<\/span> <span class=\"s12\">active<\/span> <span class=\"s12\">\u00e0<\/span> <span class=\"s12\">l\u2019engagement<\/span> <span class=\"s12\">du<\/span> <span class=\"s12\">personnel,<\/span> <span class=\"s12\">aux<\/span> <span class=\"s12\">\u00e9valuations<\/span> <span class=\"s12\">et<\/span> <span class=\"s12\">\u00e0 <\/span>l\u2019ensemble des processus li\u00e9s au personnel<\/li><li class=\"li17\"><span class=\"s10\">Etablissement<\/span> <span class=\"s10\">des<\/span> <span class=\"s10\">contrats<\/span> <span class=\"s10\">d\u2019engagement<\/span><\/li><li class=\"li15\"><span class=\"s12\">Suivi<\/span> <span class=\"s12\">et<\/span> <span class=\"s12\">participation<\/span> <span class=\"s12\">au<\/span> <span class=\"s12\">d\u00e9veloppement<\/span> <span class=\"s12\">des<\/span> <span class=\"s12\">projets<\/span> <span class=\"s12\">de<\/span> <span class=\"s12\">l\u2019entreprise<\/span> <span class=\"s12\">en <\/span>collaboration avec la Direction<\/li><li class=\"li12\"><span class=\"s10\">Participation<\/span> <span class=\"s10\">active<\/span> <span class=\"s10\">au<\/span> <span class=\"s10\">suivi<\/span> <span class=\"s10\">et<\/span> <span class=\"s10\">au<\/span> <span class=\"s10\">d\u00e9veloppement<\/span> <span class=\"s10\">des<\/span> <span class=\"s10\">processus<\/span> <span class=\"s10\">ISO<\/span> <span class=\"s10\">9000\/14000<\/span><\/li><li class=\"li16\"><span class=\"s10\">Participation<\/span> <span class=\"s10\">aux<\/span> <span class=\"s10\">s\u00e9ances<\/span> <span class=\"s10\">de<\/span> <span class=\"s10\">direction<\/span><\/li><\/ul><p class=\"p9\">Nous proposons <span class=\"s16\">:<\/span><\/p><ul class=\"ul1\"><li class=\"li11\"><span class=\"s12\">Un<\/span> <span class=\"s12\">cadre<\/span> <span class=\"s12\">de<\/span> <span class=\"s12\">travail<\/span> <span class=\"s12\">dynamique<\/span> <span class=\"s12\">et<\/span> <span class=\"s12\">vari\u00e9<\/span><\/li><li class=\"li12\"><span class=\"s12\">Un<\/span> <span class=\"s12\">climat<\/span> <span class=\"s12\">de<\/span> <span class=\"s12\">travail<\/span> <span class=\"s12\">serein<\/span> <span class=\"s12\">et<\/span> <span class=\"s12\">positif<\/span><\/li><li class=\"li11\"><span class=\"s12\">Une<\/span> <span class=\"s12\">participation<\/span> <span class=\"s12\">active<\/span> <span class=\"s12\">aux<\/span> <span class=\"s12\">projets<\/span> <span class=\"s12\">de<\/span> <span class=\"s12\">d\u00e9veloppement<\/span> <span class=\"s12\">de<\/span> <span class=\"s12\">l\u2019entreprise<\/span><\/li><li class=\"li12\"><span class=\"s10\">Des<\/span> <span class=\"s10\">conditions<\/span> <span class=\"s10\">salariales<\/span> <span class=\"s10\">attractives<\/span> <span class=\"s10\">accompagn\u00e9es<\/span> <span class=\"s10\">d\u2019un<\/span> <span class=\"s10\">\u00ab<\/span> <span class=\"s10\">plan<\/span> <span class=\"s10\">cadre<\/span><span class=\"s16\"> \u00bb<\/span><\/li><li class=\"li11\"><span class=\"s12\">Une<\/span> <span class=\"s12\">structure<\/span> <span class=\"s12\">\u00e0<\/span> <span class=\"s12\">taille<\/span> <span class=\"s12\">humaine<\/span><\/li><li class=\"li16\"><span class=\"s10\">Une<\/span> <span class=\"s10\">culture<\/span> <span class=\"s10\">d\u2019entreprise<\/span> <span class=\"s10\">familiale<\/span> <span class=\"s10\">empreinte<\/span> <span class=\"s10\">de<\/span> <span class=\"s10\">reconnaissance<\/span> <span class=\"s10\">envers<\/span> <span class=\"s10\">son <\/span><span class=\"s3\">personnel<\/span><\/li><\/ul><p class=\"p20\"><span class=\"s12\">Veuillez<\/span> <span class=\"s12\">adresser<\/span> <span class=\"s12\">votre<\/span> <span class=\"s12\">CV<\/span> <span class=\"s12\">et<\/span> <span class=\"s12\">votre<\/span> <span class=\"s12\">lettre<\/span> <span class=\"s12\">de<\/span> <span class=\"s12\">motivation,<\/span> <span class=\"s12\">accompagn\u00e9s<\/span> <span class=\"s12\">de<\/span> <span class=\"s12\">vos<\/span> <span class=\"s12\">certificats <\/span><span class=\"s3\">de<\/span> <span class=\"s3\">travail,<\/span> <span class=\"s3\">dipl\u00f4mes,<\/span> <span class=\"s3\">lettres<\/span> <span class=\"s3\">de<\/span> <span class=\"s3\">recommandations<\/span> <span class=\"s3\">et<\/span> <span class=\"s3\">copie<\/span> <span class=\"s3\">de<\/span> <span class=\"s3\">pi\u00e8ce<\/span> <span class=\"s3\">d\u2019identit\u00e9<\/span> <span class=\"s3\">\u00e0<\/span> <span class=\"s3\">:<\/span><\/p><ul class=\"ul1\"><li class=\"li21\"><span class=\"s25\" style=\"color: #ffffff;\"><a style=\"color: #ffffff;\" href=\"mailto:t.bolle@garage-caveng.ch\">t.bolle@garage-<span class=\"s26\">caveng.ch<\/span><\/a><\/span><\/li><\/ul><p class=\"p1\"><span class=\"s3\">Seuls<\/span> <span class=\"s3\">les<\/span> <span class=\"s26\"><b>dossiers<\/b><\/span><b> <\/b><span class=\"s26\"><b>complets,<\/b><\/span><b> <\/b><span class=\"s26\"><b>correspondant<\/b><\/span><b> <\/b><span class=\"s26\"><b>au<\/b><\/span><b> <\/b><span class=\"s26\"><b>profil<\/b><\/span><b> <\/b><span class=\"s26\"><b>et<\/b><\/span><b> <\/b><span class=\"s26\"><b>re\u00e7u<\/b><\/span><b> <\/b><span class=\"s26\"><b>d\u2019ici<\/b><\/span><b> <\/b><span class=\"s26\"><b>au<\/b><\/span><b> 6<\/b><b> mai<\/b><b>\u00a0<\/b><span class=\"s26\"><b>2026,<\/b><\/span><b> <\/b><span class=\"s18\"><b>feront<\/b><\/span><b> <\/b><span class=\"s18\"><b>l\u2019objet<\/b><\/span><b> <\/b><span class=\"s18\"><b>d\u2019un<\/b><\/span><b> <\/b><span class=\"s18\"><b>suivi.<\/b><b><\/b><\/span><\/p>\t\t\t\t\t\t\t\t<\/div>\n\t\t\t\t<\/div>\n\t\t\t\t\t<\/div>\n\t\t\t\t<\/div>\n\t\t\t\t<\/div>\n\t\t","protected":false},"excerpt":{"rendered":"<p>Aujourd\u2019hui, en pr\u00e9vision du d\u00e9part \u00e0 la retraite d\u2019un de nos collaborateurs, nous mettons au concours le poste de : Responsable finance, administration et RH Le ou la candidat\/e devra r\u00e9pondre aux crit\u00e8res suivants : Profil : Pratique et comp\u00e9tences confirm\u00e9es dans les domaines de la finance, la comptabilit\u00e9, la fiscalit\u00e9, l\u2019administration g\u00e9n\u00e9rale, la gestion [&hellip;]<\/p>\n","protected":false},"author":1,"featured_media":0,"parent":0,"menu_order":0,"comment_status":"closed","ping_status":"closed","template":"page-full-width.php","meta":{"footnotes":""},"class_list":["post-14016","page","type-page","status-publish","hentry"],"yoast_head":"<!-- This site is optimized with the Yoast SEO plugin v26.3 - https:\/\/yoast.com\/wordpress\/plugins\/seo\/ -->\n<title>Offre d&#039;emploi | Automobiles Caveng Mercedes-Benz Gen\u00e8ve<\/title>\n<meta name=\"description\" content=\"Retrouvez nos offres promotionnelles Mercedes-Benz du moment. Le v\u00e9hicule de vos r\u00eaves vous attend \u00e0 des conditions avantageuses.\" \/>\n<meta name=\"robots\" content=\"index, follow, max-snippet:-1, max-image-preview:large, max-video-preview:-1\" \/>\n<link rel=\"canonical\" href=\"https:\/\/www.automobiles-caveng.ch\/mercedes-benz\/annonce\/\" \/>\n<meta property=\"og:locale\" content=\"fr_FR\" \/>\n<meta property=\"og:type\" content=\"article\" \/>\n<meta property=\"og:title\" content=\"Offre d&#039;emploi | Automobiles Caveng Mercedes-Benz Gen\u00e8ve\" \/>\n<meta property=\"og:description\" content=\"Retrouvez nos offres promotionnelles Mercedes-Benz du moment. Le v\u00e9hicule de vos r\u00eaves vous attend \u00e0 des conditions avantageuses.\" \/>\n<meta property=\"og:url\" content=\"https:\/\/www.automobiles-caveng.ch\/mercedes-benz\/annonce\/\" \/>\n<meta property=\"og:site_name\" content=\"Automobiles Caveng Mercedes-Benz Gen\u00e8ve\" \/>\n<meta property=\"article:publisher\" content=\"https:\/\/www.facebook.com\/mercedesbenzcaveng\" \/>\n<meta property=\"article:modified_time\" content=\"2026-04-23T09:21:11+00:00\" \/>\n<meta property=\"og:image\" content=\"https:\/\/www.automobiles-caveng.ch\/mercedes-benz\/wp-content\/uploads\/2023\/11\/contact-header.jpg\" \/>\n\t<meta property=\"og:image:width\" content=\"1400\" \/>\n\t<meta property=\"og:image:height\" content=\"484\" \/>\n\t<meta property=\"og:image:type\" content=\"image\/jpeg\" \/>\n<meta name=\"twitter:card\" content=\"summary_large_image\" \/>\n<meta name=\"twitter:label1\" content=\"Dur\u00e9e de lecture estim\u00e9e\" \/>\n\t<meta name=\"twitter:data1\" content=\"2 minutes\" \/>\n<script type=\"application\/ld+json\" class=\"yoast-schema-graph\">{\"@context\":\"https:\/\/schema.org\",\"@graph\":[{\"@type\":\"WebPage\",\"@id\":\"https:\/\/www.automobiles-caveng.ch\/mercedes-benz\/annonce\/\",\"url\":\"https:\/\/www.automobiles-caveng.ch\/mercedes-benz\/annonce\/\",\"name\":\"Offre d'emploi | Automobiles Caveng Mercedes-Benz Gen\u00e8ve\",\"isPartOf\":{\"@id\":\"https:\/\/www.automobiles-caveng.ch\/mercedes-benz\/#website\"},\"datePublished\":\"2026-04-23T08:38:26+00:00\",\"dateModified\":\"2026-04-23T09:21:11+00:00\",\"description\":\"Retrouvez nos offres promotionnelles Mercedes-Benz du moment. Le v\u00e9hicule de vos r\u00eaves vous attend \u00e0 des conditions avantageuses.\",\"breadcrumb\":{\"@id\":\"https:\/\/www.automobiles-caveng.ch\/mercedes-benz\/annonce\/#breadcrumb\"},\"inLanguage\":\"fr-FR\",\"potentialAction\":[{\"@type\":\"ReadAction\",\"target\":[\"https:\/\/www.automobiles-caveng.ch\/mercedes-benz\/annonce\/\"]}]},{\"@type\":\"BreadcrumbList\",\"@id\":\"https:\/\/www.automobiles-caveng.ch\/mercedes-benz\/annonce\/#breadcrumb\",\"itemListElement\":[{\"@type\":\"ListItem\",\"position\":1,\"name\":\"Accueil\",\"item\":\"https:\/\/www.automobiles-caveng.ch\/mercedes-benz\/\"},{\"@type\":\"ListItem\",\"position\":2,\"name\":\"Offre d&#8217;emploi\"}]},{\"@type\":\"WebSite\",\"@id\":\"https:\/\/www.automobiles-caveng.ch\/mercedes-benz\/#website\",\"url\":\"https:\/\/www.automobiles-caveng.ch\/mercedes-benz\/\",\"name\":\"Automobiles Caveng Mercedes-Benz Gen\u00e8ve\",\"description\":\"\",\"potentialAction\":[{\"@type\":\"SearchAction\",\"target\":{\"@type\":\"EntryPoint\",\"urlTemplate\":\"https:\/\/www.automobiles-caveng.ch\/mercedes-benz\/?s={search_term_string}\"},\"query-input\":{\"@type\":\"PropertyValueSpecification\",\"valueRequired\":true,\"valueName\":\"search_term_string\"}}],\"inLanguage\":\"fr-FR\"}]}<\/script>\n<!-- \/ Yoast SEO plugin. -->","yoast_head_json":{"title":"Offre d'emploi | Automobiles Caveng Mercedes-Benz Gen\u00e8ve","description":"Retrouvez nos offres promotionnelles Mercedes-Benz du moment. Le v\u00e9hicule de vos r\u00eaves vous attend \u00e0 des conditions avantageuses.","robots":{"index":"index","follow":"follow","max-snippet":"max-snippet:-1","max-image-preview":"max-image-preview:large","max-video-preview":"max-video-preview:-1"},"canonical":"https:\/\/www.automobiles-caveng.ch\/mercedes-benz\/annonce\/","og_locale":"fr_FR","og_type":"article","og_title":"Offre d'emploi | Automobiles Caveng Mercedes-Benz Gen\u00e8ve","og_description":"Retrouvez nos offres promotionnelles Mercedes-Benz du moment. Le v\u00e9hicule de vos r\u00eaves vous attend \u00e0 des conditions avantageuses.","og_url":"https:\/\/www.automobiles-caveng.ch\/mercedes-benz\/annonce\/","og_site_name":"Automobiles Caveng Mercedes-Benz Gen\u00e8ve","article_publisher":"https:\/\/www.facebook.com\/mercedesbenzcaveng","article_modified_time":"2026-04-23T09:21:11+00:00","og_image":[{"width":1400,"height":484,"url":"https:\/\/www.automobiles-caveng.ch\/mercedes-benz\/wp-content\/uploads\/2023\/11\/contact-header.jpg","type":"image\/jpeg"}],"twitter_card":"summary_large_image","twitter_misc":{"Dur\u00e9e de lecture estim\u00e9e":"2 minutes"},"schema":{"@context":"https:\/\/schema.org","@graph":[{"@type":"WebPage","@id":"https:\/\/www.automobiles-caveng.ch\/mercedes-benz\/annonce\/","url":"https:\/\/www.automobiles-caveng.ch\/mercedes-benz\/annonce\/","name":"Offre d'emploi | Automobiles Caveng Mercedes-Benz Gen\u00e8ve","isPartOf":{"@id":"https:\/\/www.automobiles-caveng.ch\/mercedes-benz\/#website"},"datePublished":"2026-04-23T08:38:26+00:00","dateModified":"2026-04-23T09:21:11+00:00","description":"Retrouvez nos offres promotionnelles Mercedes-Benz du moment. Le v\u00e9hicule de vos r\u00eaves vous attend \u00e0 des conditions avantageuses.","breadcrumb":{"@id":"https:\/\/www.automobiles-caveng.ch\/mercedes-benz\/annonce\/#breadcrumb"},"inLanguage":"fr-FR","potentialAction":[{"@type":"ReadAction","target":["https:\/\/www.automobiles-caveng.ch\/mercedes-benz\/annonce\/"]}]},{"@type":"BreadcrumbList","@id":"https:\/\/www.automobiles-caveng.ch\/mercedes-benz\/annonce\/#breadcrumb","itemListElement":[{"@type":"ListItem","position":1,"name":"Accueil","item":"https:\/\/www.automobiles-caveng.ch\/mercedes-benz\/"},{"@type":"ListItem","position":2,"name":"Offre d&#8217;emploi"}]},{"@type":"WebSite","@id":"https:\/\/www.automobiles-caveng.ch\/mercedes-benz\/#website","url":"https:\/\/www.automobiles-caveng.ch\/mercedes-benz\/","name":"Automobiles Caveng Mercedes-Benz Gen\u00e8ve","description":"","potentialAction":[{"@type":"SearchAction","target":{"@type":"EntryPoint","urlTemplate":"https:\/\/www.automobiles-caveng.ch\/mercedes-benz\/?s={search_term_string}"},"query-input":{"@type":"PropertyValueSpecification","valueRequired":true,"valueName":"search_term_string"}}],"inLanguage":"fr-FR"}]}},"_links":{"self":[{"href":"https:\/\/www.automobiles-caveng.ch\/mercedes-benz\/wp-json\/wp\/v2\/pages\/14016","targetHints":{"allow":["GET"]}}],"collection":[{"href":"https:\/\/www.automobiles-caveng.ch\/mercedes-benz\/wp-json\/wp\/v2\/pages"}],"about":[{"href":"https:\/\/www.automobiles-caveng.ch\/mercedes-benz\/wp-json\/wp\/v2\/types\/page"}],"author":[{"embeddable":true,"href":"https:\/\/www.automobiles-caveng.ch\/mercedes-benz\/wp-json\/wp\/v2\/users\/1"}],"replies":[{"embeddable":true,"href":"https:\/\/www.automobiles-caveng.ch\/mercedes-benz\/wp-json\/wp\/v2\/comments?post=14016"}],"version-history":[{"count":13,"href":"https:\/\/www.automobiles-caveng.ch\/mercedes-benz\/wp-json\/wp\/v2\/pages\/14016\/revisions"}],"predecessor-version":[{"id":14033,"href":"https:\/\/www.automobiles-caveng.ch\/mercedes-benz\/wp-json\/wp\/v2\/pages\/14016\/revisions\/14033"}],"wp:attachment":[{"href":"https:\/\/www.automobiles-caveng.ch\/mercedes-benz\/wp-json\/wp\/v2\/media?parent=14016"}],"curies":[{"name":"wp","href":"https:\/\/api.w.org\/{rel}","templated":true}]}}