{"id":3035,"date":"2023-02-24T16:39:55","date_gmt":"2023-02-24T16:39:55","guid":{"rendered":"https:\/\/luxedrive.qodeinteractive.com\/?page_id=3035"},"modified":"2026-03-17T17:00:09","modified_gmt":"2026-03-17T16:00:09","slug":"stock-occasions","status":"publish","type":"page","link":"https:\/\/www.automobiles-caveng.ch\/centre-occasion\/stock-occasions\/","title":{"rendered":"Stock v\u00e9hicules occasions"},"content":{"rendered":"\t\t<div data-elementor-type=\"wp-page\" data-elementor-id=\"3035\" class=\"elementor elementor-3035\">\n\t\t\t\t\t\t<section class=\"elementor-section elementor-top-section elementor-element elementor-element-d5624a7 elementor-section-full_width qodef-elementor-content-grid elementor-section-height-default elementor-section-height-default\" data-id=\"d5624a7\" data-element_type=\"section\">\n\t\t\t\t\t\t<div class=\"elementor-container elementor-column-gap-default\">\n\t\t\t\t\t<div class=\"elementor-column elementor-col-100 elementor-top-column elementor-element elementor-element-1a46f2d\" data-id=\"1a46f2d\" data-element_type=\"column\" data-settings=\"{&quot;background_background&quot;:&quot;classic&quot;}\">\n\t\t\t<div class=\"elementor-widget-wrap elementor-element-populated\">\n\t\t\t\t\t\t<div class=\"elementor-element elementor-element-7691fb7 elementor-hidden-mobile elementor-widget elementor-widget-luxedrive_core_section_title\" data-id=\"7691fb7\" data-element_type=\"widget\" data-widget_type=\"luxedrive_core_section_title.default\">\n\t\t\t\t<div class=\"elementor-widget-container\">\n\t\t\t\t\t<div class=\"qodef-shortcode qodef-m qodef-section-title qodef-alignment--left\">\n\t\t<h2 class=\"qodef-m-title\" style=\"color: #FFFFFF\">\n\t\t\t\t\tNos v\u00e9hicules multimarque Mercedes-Benz Certified.\t\t\t<\/h2>\n\t\t<span class=\"qodef-m-subtitle\" style=\"color: #256F9C\">V\u00e9hicules occasions disponibles<\/span>\n\t<\/div>\n\t\t\t\t<\/div>\n\t\t\t\t<\/div>\n\t\t\t\t<div class=\"elementor-element elementor-element-d9655c2 elementor-hidden-desktop elementor-hidden-tablet elementor-widget elementor-widget-luxedrive_core_section_title\" data-id=\"d9655c2\" data-element_type=\"widget\" data-widget_type=\"luxedrive_core_section_title.default\">\n\t\t\t\t<div class=\"elementor-widget-container\">\n\t\t\t\t\t<div class=\"qodef-shortcode qodef-m qodef-section-title qodef-alignment--left\">\n\t\t<h4 class=\"qodef-m-title\" style=\"color: #FFFFFF\">\n\t\t\t\t\tNos v\u00e9hicules multimarque Mercedes-Benz Certified.\t\t\t<\/h4>\n\t\t<span class=\"qodef-m-subtitle\" style=\"color: #256F9C\">V\u00e9hicules occasions disponibles<\/span>\n\t<\/div>\n\t\t\t\t<\/div>\n\t\t\t\t<\/div>\n\t\t\t\t<div class=\"elementor-element elementor-element-eb0da49 elementor-widget elementor-widget-text-editor\" data-id=\"eb0da49\" data-element_type=\"widget\" data-widget_type=\"text-editor.default\">\n\t\t\t\t<div class=\"elementor-widget-container\">\n\t\t\t\t\t\t\t\t\t<p>D\u00e9couvrez de nombreuses occasions Mercedes-Benz Certified multimarque \u00e0 des prix avantageux. Peu importe le mod\u00e8le qui vous pla\u00eet, nos conseillers de vente sont \u00e0 votre disposition pour r\u00e9pondre \u00e0 votre demande.<\/p>\t\t\t\t\t\t\t\t<\/div>\n\t\t\t\t<\/div>\n\t\t\t\t\t<\/div>\n\t\t<\/div>\n\t\t\t\t\t<\/div>\n\t\t<\/section>\n\t\t\t\t<section class=\"elementor-section elementor-top-section elementor-element elementor-element-f029778 elementor-section-full_width qodef-elementor-content-grid elementor-section-height-default elementor-section-height-default\" data-id=\"f029778\" data-element_type=\"section\">\n\t\t\t\t\t\t<div class=\"elementor-container elementor-column-gap-default\">\n\t\t\t\t\t<div class=\"elementor-column elementor-col-100 elementor-top-column elementor-element elementor-element-201ea13\" data-id=\"201ea13\" data-element_type=\"column\" data-settings=\"{&quot;background_background&quot;:&quot;classic&quot;}\">\n\t\t\t<div class=\"elementor-widget-wrap elementor-element-populated\">\n\t\t\t\t\t\t<div class=\"elementor-element elementor-element-0f2a322 elementor-widget elementor-widget-text-editor\" data-id=\"0f2a322\" data-element_type=\"widget\" data-widget_type=\"text-editor.default\">\n\t\t\t\t<div class=\"elementor-widget-container\">\n\t\t\t\t\t\t\t\t\t<p>Seuls les v\u00e9hicules d\u2019occasion qui passent avec succ\u00e8s notre contr\u00f4le strict en 111 points obtiennent notre label de qualit\u00e9 Certified. Laissez-vous convaincre par la qualit\u00e9 de nos occasions certifi\u00e9es.<\/p>\t\t\t\t\t\t\t\t<\/div>\n\t\t\t\t<\/div>\n\t\t\t\t<div class=\"elementor-element elementor-element-6692586 elementor-hidden-mobile elementor-widget elementor-widget-luxedrive_core_button\" data-id=\"6692586\" data-element_type=\"widget\" data-widget_type=\"luxedrive_core_button.default\">\n\t\t\t\t<div class=\"elementor-widget-container\">\n\t\t\t\t\t<a class=\"qodef-shortcode qodef-m qodef-button qodef-layout--outlined qodef-html--link\" href=\"https:\/\/www.automobiles-caveng.ch\/centre-occasion\/services\/\" target=\"_self\" data-hover-color=\"#256F9C\" style=\"color: #FFFFFF\">\n\t<span class=\"qodef-m-text\">D\u00e9couvrez le label Mercedes-Benz Certified<\/span>\n<\/a>\n\t\t\t\t<\/div>\n\t\t\t\t<\/div>\n\t\t\t\t<div class=\"elementor-element elementor-element-aecde30 elementor-hidden-desktop elementor-hidden-tablet elementor-widget elementor-widget-luxedrive_core_button\" data-id=\"aecde30\" data-element_type=\"widget\" data-widget_type=\"luxedrive_core_button.default\">\n\t\t\t\t<div class=\"elementor-widget-container\">\n\t\t\t\t\t<a class=\"qodef-shortcode qodef-m qodef-button qodef-layout--outlined qodef-html--link\" href=\"https:\/\/www.automobiles-caveng.ch\/centre-occasion\/services\/\" target=\"_self\" data-hover-color=\"#256F9C\" style=\"color: #FFFFFF;font-size: 10px\">\n\t<span class=\"qodef-m-text\">D\u00e9couvrez le label Mercedes-Benz Certified<\/span>\n<\/a>\n\t\t\t\t<\/div>\n\t\t\t\t<\/div>\n\t\t\t\t\t<\/div>\n\t\t<\/div>\n\t\t\t\t\t<\/div>\n\t\t<\/section>\n\t\t\t\t<section class=\"elementor-section elementor-top-section elementor-element elementor-element-707802a elementor-section-boxed elementor-section-height-default elementor-section-height-default\" data-id=\"707802a\" data-element_type=\"section\">\n\t\t\t\t\t\t<div class=\"elementor-container elementor-column-gap-default\">\n\t\t\t\t\t<div class=\"elementor-column elementor-col-100 elementor-top-column elementor-element elementor-element-a25a6b9\" data-id=\"a25a6b9\" data-element_type=\"column\">\n\t\t\t<div class=\"elementor-widget-wrap elementor-element-populated\">\n\t\t\t\t\t\t<div class=\"elementor-element elementor-element-77d635d elementor-widget elementor-widget-html\" data-id=\"77d635d\" data-element_type=\"widget\" data-widget_type=\"html.default\">\n\t\t\t\t<div class=\"elementor-widget-container\">\n\t\t\t\t\t<div class=\"hci-container\" data-config-id=\"3055\" data-language=\"fr\" data-entry-point=\"search\"><\/div><script src=\"https:\/\/www.autoscout24.ch\/assets\/hci\/v2\/hci.current.js\"><\/script>\t\t\t\t<\/div>\n\t\t\t\t<\/div>\n\t\t\t\t\t<\/div>\n\t\t<\/div>\n\t\t\t\t\t<\/div>\n\t\t<\/section>\n\t\t\t\t<section class=\"elementor-section elementor-top-section elementor-element elementor-element-2a801a0 elementor-section-full_width elementor-section-height-default elementor-section-height-default\" data-id=\"2a801a0\" data-element_type=\"section\" data-settings=\"{&quot;background_background&quot;:&quot;classic&quot;}\">\n\t\t\t\t\t\t<div class=\"elementor-container elementor-column-gap-default\">\n\t\t\t\t\t<div class=\"elementor-column elementor-col-50 elementor-top-column elementor-element elementor-element-bd2f828\" data-id=\"bd2f828\" data-element_type=\"column\" data-settings=\"{&quot;background_background&quot;:&quot;classic&quot;}\">\n\t\t\t<div class=\"elementor-widget-wrap elementor-element-populated\">\n\t\t\t\t\t\t<div class=\"elementor-element elementor-element-38a1eb0 elementor-widget elementor-widget-spacer\" data-id=\"38a1eb0\" data-element_type=\"widget\" data-widget_type=\"spacer.default\">\n\t\t\t\t<div class=\"elementor-widget-container\">\n\t\t\t\t\t\t\t<div class=\"elementor-spacer\">\n\t\t\t<div class=\"elementor-spacer-inner\"><\/div>\n\t\t<\/div>\n\t\t\t\t\t\t<\/div>\n\t\t\t\t<\/div>\n\t\t\t\t\t<\/div>\n\t\t<\/div>\n\t\t\t\t<div class=\"elementor-column elementor-col-50 elementor-top-column elementor-element elementor-element-45ae390\" data-id=\"45ae390\" data-element_type=\"column\" data-settings=\"{&quot;background_background&quot;:&quot;classic&quot;}\">\n\t\t\t<div class=\"elementor-widget-wrap elementor-element-populated\">\n\t\t\t\t\t\t<div class=\"elementor-element elementor-element-239d54f elementor-widget elementor-widget-luxedrive_core_section_title\" data-id=\"239d54f\" data-element_type=\"widget\" data-widget_type=\"luxedrive_core_section_title.default\">\n\t\t\t\t<div class=\"elementor-widget-container\">\n\t\t\t\t\t<div class=\"qodef-shortcode qodef-m qodef-section-title qodef-alignment--left qodef-title-break--disabled\">\n\t\t<h2 class=\"qodef-m-title\" style=\"color: #FFFFFF\">\n\t\t\t\t\tBesoin d'un conseil ?\t\t\t<\/h2>\n\t\t<span class=\"qodef-m-subtitle\" style=\"color: #256F9C\">Nos experts sont \u00e0 votre \u00e9coute<\/span>\n\t\t<p class=\"qodef-m-text\" style=\"margin-top: 26px;color: #A6A6A6\">Si vous avez des questions \u00e0 propos de votre futur v\u00e9hicule, sur nos services. ou prendre rendez-vous veuillez nous contacter.<\/p>\n<\/div>\n\t\t\t\t<\/div>\n\t\t\t\t<\/div>\n\t\t\t\t<div class=\"elementor-element elementor-element-7b7ccc3 elementor-widget elementor-widget-luxedrive_core_button\" data-id=\"7b7ccc3\" data-element_type=\"widget\" data-widget_type=\"luxedrive_core_button.default\">\n\t\t\t\t<div class=\"elementor-widget-container\">\n\t\t\t\t\t<a class=\"qodef-shortcode qodef-m qodef-button qodef-layout--outlined qodef-html--link\" href=\"https:\/\/www.automobiles-caveng.ch\/centre-occasion\/contact\" target=\"_self\" data-hover-color=\"#256F9C\" style=\"color: #FFFFFF\">\n\t<span class=\"qodef-m-text\">CONTACT<\/span>\n<\/a>\n\t\t\t\t<\/div>\n\t\t\t\t<\/div>\n\t\t\t\t\t<\/div>\n\t\t<\/div>\n\t\t\t\t\t<\/div>\n\t\t<\/section>\n\t\t\t\t<\/div>\n\t\t","protected":false},"excerpt":{"rendered":"<p>Nos v\u00e9hicules multimarque Mercedes-Benz Certified. V\u00e9hicules occasions disponibles Nos v\u00e9hicules multimarque Mercedes-Benz Certified. V\u00e9hicules occasions disponibles D\u00e9couvrez de nombreuses occasions Mercedes-Benz Certified multimarque \u00e0 des prix avantageux. Peu importe le mod\u00e8le qui vous pla\u00eet, nos conseillers de vente sont \u00e0 votre disposition pour r\u00e9pondre \u00e0 votre demande. Seuls les v\u00e9hicules d\u2019occasion qui passent avec succ\u00e8s [&hellip;]<\/p>\n","protected":false},"author":1,"featured_media":0,"parent":0,"menu_order":0,"comment_status":"closed","ping_status":"closed","template":"page-full-width.php","meta":{"footnotes":""},"class_list":["post-3035","page","type-page","status-publish","hentry"],"yoast_head":"<!-- This site is optimized with the Yoast SEO plugin v26.2 - https:\/\/yoast.com\/wordpress\/plugins\/seo\/ -->\n<title>Stock v\u00e9hicules occasions | Centre Occasions Mercedes-Benz Certified Gen\u00e8ve<\/title>\n<meta name=\"description\" content=\"Occasions Mercedes-Benz Certified multimarque \u00e0 des prix avantageux situ\u00e9 \u00e0 Gen\u00e8ve. Une qualit\u00e9 de haut niveau vous est ici garantie.\" \/>\n<meta name=\"robots\" content=\"index, follow, max-snippet:-1, max-image-preview:large, max-video-preview:-1\" \/>\n<link rel=\"canonical\" href=\"https:\/\/www.automobiles-caveng.ch\/centre-occasion\/stock-occasions\/\" \/>\n<meta property=\"og:locale\" content=\"fr_FR\" \/>\n<meta property=\"og:type\" content=\"article\" \/>\n<meta property=\"og:title\" content=\"Stock v\u00e9hicules occasions | Centre Occasions Mercedes-Benz Certified Gen\u00e8ve\" \/>\n<meta property=\"og:description\" content=\"Occasions Mercedes-Benz Certified multimarque \u00e0 des prix avantageux situ\u00e9 \u00e0 Gen\u00e8ve. Une qualit\u00e9 de haut niveau vous est ici garantie.\" \/>\n<meta property=\"og:url\" content=\"https:\/\/www.automobiles-caveng.ch\/centre-occasion\/stock-occasions\/\" \/>\n<meta property=\"og:site_name\" content=\"Centre Occasions Mercedes-Benz Certified Gen\u00e8ve\" \/>\n<meta property=\"article:publisher\" content=\"https:\/\/www.facebook.com\/centreoccasionscaveng\/\" \/>\n<meta property=\"article:modified_time\" content=\"2026-03-17T16:00:09+00:00\" \/>\n<meta property=\"og:image\" content=\"https:\/\/www.automobiles-caveng.ch\/centre-occasion\/wp-content\/uploads\/2023\/07\/SL-AMG.jpg\" \/>\n\t<meta property=\"og:image:width\" content=\"1928\" \/>\n\t<meta property=\"og:image:height\" content=\"1293\" \/>\n\t<meta property=\"og:image:type\" content=\"image\/jpeg\" \/>\n<meta name=\"twitter:card\" content=\"summary_large_image\" \/>\n<meta name=\"twitter:label1\" content=\"Dur\u00e9e de lecture estim\u00e9e\" \/>\n\t<meta name=\"twitter:data1\" content=\"1 minute\" \/>\n<script type=\"application\/ld+json\" class=\"yoast-schema-graph\">{\"@context\":\"https:\/\/schema.org\",\"@graph\":[{\"@type\":\"WebPage\",\"@id\":\"https:\/\/www.automobiles-caveng.ch\/centre-occasion\/stock-occasions\/\",\"url\":\"https:\/\/www.automobiles-caveng.ch\/centre-occasion\/stock-occasions\/\",\"name\":\"Stock v\u00e9hicules occasions | Centre Occasions Mercedes-Benz Certified Gen\u00e8ve\",\"isPartOf\":{\"@id\":\"https:\/\/www.automobiles-caveng.ch\/centre-occasion\/#website\"},\"datePublished\":\"2023-02-24T16:39:55+00:00\",\"dateModified\":\"2026-03-17T16:00:09+00:00\",\"description\":\"Occasions Mercedes-Benz Certified multimarque \u00e0 des prix avantageux situ\u00e9 \u00e0 Gen\u00e8ve. Une qualit\u00e9 de haut niveau vous est ici garantie.\",\"breadcrumb\":{\"@id\":\"https:\/\/www.automobiles-caveng.ch\/centre-occasion\/stock-occasions\/#breadcrumb\"},\"inLanguage\":\"fr-FR\",\"potentialAction\":[{\"@type\":\"ReadAction\",\"target\":[\"https:\/\/www.automobiles-caveng.ch\/centre-occasion\/stock-occasions\/\"]}]},{\"@type\":\"BreadcrumbList\",\"@id\":\"https:\/\/www.automobiles-caveng.ch\/centre-occasion\/stock-occasions\/#breadcrumb\",\"itemListElement\":[{\"@type\":\"ListItem\",\"position\":1,\"name\":\"Accueil\",\"item\":\"https:\/\/www.automobiles-caveng.ch\/centre-occasion\/\"},{\"@type\":\"ListItem\",\"position\":2,\"name\":\"Stock v\u00e9hicules occasions\"}]},{\"@type\":\"WebSite\",\"@id\":\"https:\/\/www.automobiles-caveng.ch\/centre-occasion\/#website\",\"url\":\"https:\/\/www.automobiles-caveng.ch\/centre-occasion\/\",\"name\":\"Centre Occasions Mercedes-Benz Certified Gen\u00e8ve\",\"description\":\"\",\"publisher\":{\"@id\":\"https:\/\/www.automobiles-caveng.ch\/centre-occasion\/#organization\"},\"potentialAction\":[{\"@type\":\"SearchAction\",\"target\":{\"@type\":\"EntryPoint\",\"urlTemplate\":\"https:\/\/www.automobiles-caveng.ch\/centre-occasion\/?s={search_term_string}\"},\"query-input\":{\"@type\":\"PropertyValueSpecification\",\"valueRequired\":true,\"valueName\":\"search_term_string\"}}],\"inLanguage\":\"fr-FR\"},{\"@type\":\"Organization\",\"@id\":\"https:\/\/www.automobiles-caveng.ch\/centre-occasion\/#organization\",\"name\":\"Centre Occasions Mercedes-Benz Certified Gen\u00e8ve\",\"url\":\"https:\/\/www.automobiles-caveng.ch\/centre-occasion\/\",\"logo\":{\"@type\":\"ImageObject\",\"inLanguage\":\"fr-FR\",\"@id\":\"https:\/\/www.automobiles-caveng.ch\/centre-occasion\/#\/schema\/logo\/image\/\",\"url\":\"https:\/\/www.automobiles-caveng.ch\/centre-occasion\/wp-content\/uploads\/2023\/08\/Caveng-logo-noir-copie-2.png\",\"contentUrl\":\"https:\/\/www.automobiles-caveng.ch\/centre-occasion\/wp-content\/uploads\/2023\/08\/Caveng-logo-noir-copie-2.png\",\"width\":3067,\"height\":1277,\"caption\":\"Centre Occasions Mercedes-Benz Certified Gen\u00e8ve\"},\"image\":{\"@id\":\"https:\/\/www.automobiles-caveng.ch\/centre-occasion\/#\/schema\/logo\/image\/\"},\"sameAs\":[\"https:\/\/www.facebook.com\/centreoccasionscaveng\/\",\"https:\/\/www.tiktok.com\/@centreoccasionscaveng?is_from_webapp=1&sender_device=pc\",\"https:\/\/www.instagram.com\/centre_occasions_caveng\/\"]}]}<\/script>\n<!-- \/ Yoast SEO plugin. -->","yoast_head_json":{"title":"Stock v\u00e9hicules occasions | Centre Occasions Mercedes-Benz Certified Gen\u00e8ve","description":"Occasions Mercedes-Benz Certified multimarque \u00e0 des prix avantageux situ\u00e9 \u00e0 Gen\u00e8ve. Une qualit\u00e9 de haut niveau vous est ici garantie.","robots":{"index":"index","follow":"follow","max-snippet":"max-snippet:-1","max-image-preview":"max-image-preview:large","max-video-preview":"max-video-preview:-1"},"canonical":"https:\/\/www.automobiles-caveng.ch\/centre-occasion\/stock-occasions\/","og_locale":"fr_FR","og_type":"article","og_title":"Stock v\u00e9hicules occasions | Centre Occasions Mercedes-Benz Certified Gen\u00e8ve","og_description":"Occasions Mercedes-Benz Certified multimarque \u00e0 des prix avantageux situ\u00e9 \u00e0 Gen\u00e8ve. Une qualit\u00e9 de haut niveau vous est ici garantie.","og_url":"https:\/\/www.automobiles-caveng.ch\/centre-occasion\/stock-occasions\/","og_site_name":"Centre Occasions Mercedes-Benz Certified Gen\u00e8ve","article_publisher":"https:\/\/www.facebook.com\/centreoccasionscaveng\/","article_modified_time":"2026-03-17T16:00:09+00:00","og_image":[{"width":1928,"height":1293,"url":"https:\/\/www.automobiles-caveng.ch\/centre-occasion\/wp-content\/uploads\/2023\/07\/SL-AMG.jpg","type":"image\/jpeg"}],"twitter_card":"summary_large_image","twitter_misc":{"Dur\u00e9e de lecture estim\u00e9e":"1 minute"},"schema":{"@context":"https:\/\/schema.org","@graph":[{"@type":"WebPage","@id":"https:\/\/www.automobiles-caveng.ch\/centre-occasion\/stock-occasions\/","url":"https:\/\/www.automobiles-caveng.ch\/centre-occasion\/stock-occasions\/","name":"Stock v\u00e9hicules occasions | Centre Occasions Mercedes-Benz Certified Gen\u00e8ve","isPartOf":{"@id":"https:\/\/www.automobiles-caveng.ch\/centre-occasion\/#website"},"datePublished":"2023-02-24T16:39:55+00:00","dateModified":"2026-03-17T16:00:09+00:00","description":"Occasions Mercedes-Benz Certified multimarque \u00e0 des prix avantageux situ\u00e9 \u00e0 Gen\u00e8ve. Une qualit\u00e9 de haut niveau vous est ici garantie.","breadcrumb":{"@id":"https:\/\/www.automobiles-caveng.ch\/centre-occasion\/stock-occasions\/#breadcrumb"},"inLanguage":"fr-FR","potentialAction":[{"@type":"ReadAction","target":["https:\/\/www.automobiles-caveng.ch\/centre-occasion\/stock-occasions\/"]}]},{"@type":"BreadcrumbList","@id":"https:\/\/www.automobiles-caveng.ch\/centre-occasion\/stock-occasions\/#breadcrumb","itemListElement":[{"@type":"ListItem","position":1,"name":"Accueil","item":"https:\/\/www.automobiles-caveng.ch\/centre-occasion\/"},{"@type":"ListItem","position":2,"name":"Stock v\u00e9hicules occasions"}]},{"@type":"WebSite","@id":"https:\/\/www.automobiles-caveng.ch\/centre-occasion\/#website","url":"https:\/\/www.automobiles-caveng.ch\/centre-occasion\/","name":"Centre Occasions Mercedes-Benz Certified Gen\u00e8ve","description":"","publisher":{"@id":"https:\/\/www.automobiles-caveng.ch\/centre-occasion\/#organization"},"potentialAction":[{"@type":"SearchAction","target":{"@type":"EntryPoint","urlTemplate":"https:\/\/www.automobiles-caveng.ch\/centre-occasion\/?s={search_term_string}"},"query-input":{"@type":"PropertyValueSpecification","valueRequired":true,"valueName":"search_term_string"}}],"inLanguage":"fr-FR"},{"@type":"Organization","@id":"https:\/\/www.automobiles-caveng.ch\/centre-occasion\/#organization","name":"Centre Occasions Mercedes-Benz Certified Gen\u00e8ve","url":"https:\/\/www.automobiles-caveng.ch\/centre-occasion\/","logo":{"@type":"ImageObject","inLanguage":"fr-FR","@id":"https:\/\/www.automobiles-caveng.ch\/centre-occasion\/#\/schema\/logo\/image\/","url":"https:\/\/www.automobiles-caveng.ch\/centre-occasion\/wp-content\/uploads\/2023\/08\/Caveng-logo-noir-copie-2.png","contentUrl":"https:\/\/www.automobiles-caveng.ch\/centre-occasion\/wp-content\/uploads\/2023\/08\/Caveng-logo-noir-copie-2.png","width":3067,"height":1277,"caption":"Centre Occasions Mercedes-Benz Certified Gen\u00e8ve"},"image":{"@id":"https:\/\/www.automobiles-caveng.ch\/centre-occasion\/#\/schema\/logo\/image\/"},"sameAs":["https:\/\/www.facebook.com\/centreoccasionscaveng\/","https:\/\/www.tiktok.com\/@centreoccasionscaveng?is_from_webapp=1&sender_device=pc","https:\/\/www.instagram.com\/centre_occasions_caveng\/"]}]}},"_links":{"self":[{"href":"https:\/\/www.automobiles-caveng.ch\/centre-occasion\/wp-json\/wp\/v2\/pages\/3035","targetHints":{"allow":["GET"]}}],"collection":[{"href":"https:\/\/www.automobiles-caveng.ch\/centre-occasion\/wp-json\/wp\/v2\/pages"}],"about":[{"href":"https:\/\/www.automobiles-caveng.ch\/centre-occasion\/wp-json\/wp\/v2\/types\/page"}],"author":[{"embeddable":true,"href":"https:\/\/www.automobiles-caveng.ch\/centre-occasion\/wp-json\/wp\/v2\/users\/1"}],"replies":[{"embeddable":true,"href":"https:\/\/www.automobiles-caveng.ch\/centre-occasion\/wp-json\/wp\/v2\/comments?post=3035"}],"version-history":[{"count":3,"href":"https:\/\/www.automobiles-caveng.ch\/centre-occasion\/wp-json\/wp\/v2\/pages\/3035\/revisions"}],"predecessor-version":[{"id":12273,"href":"https:\/\/www.automobiles-caveng.ch\/centre-occasion\/wp-json\/wp\/v2\/pages\/3035\/revisions\/12273"}],"wp:attachment":[{"href":"https:\/\/www.automobiles-caveng.ch\/centre-occasion\/wp-json\/wp\/v2\/media?parent=3035"}],"curies":[{"name":"wp","href":"https:\/\/api.w.org\/{rel}","templated":true}]}}