{"id":11140,"date":"2023-09-29T11:06:24","date_gmt":"2023-09-29T09:06:24","guid":{"rendered":"https:\/\/www.automobiles-caveng.ch\/centre-occasion\/?page_id=11140"},"modified":"2023-10-16T16:53:56","modified_gmt":"2023-10-16T14:53:56","slug":"mentions-legales","status":"publish","type":"page","link":"https:\/\/www.automobiles-caveng.ch\/centre-occasion\/mentions-legales\/","title":{"rendered":"Mentions l\u00e9gales"},"content":{"rendered":"\t\t<div data-elementor-type=\"wp-page\" data-elementor-id=\"11140\" class=\"elementor elementor-11140\">\n\t\t\t\t\t\t<section class=\"elementor-section elementor-top-section elementor-element elementor-element-856201c elementor-section-boxed elementor-section-height-default elementor-section-height-default\" data-id=\"856201c\" data-element_type=\"section\">\n\t\t\t\t\t\t<div class=\"elementor-container elementor-column-gap-default\">\n\t\t\t\t\t<div class=\"elementor-column elementor-col-100 elementor-top-column elementor-element elementor-element-e36a225\" data-id=\"e36a225\" data-element_type=\"column\">\n\t\t\t<div class=\"elementor-widget-wrap elementor-element-populated\">\n\t\t\t\t\t\t<div class=\"elementor-element elementor-element-a0425b6 elementor-widget elementor-widget-text-editor\" data-id=\"a0425b6\" data-element_type=\"widget\" data-widget_type=\"text-editor.default\">\n\t\t\t\t<div class=\"elementor-widget-container\">\n\t\t\t\t\t\t\t\t\t<h1>MENTIONS L\u00c9GALES<\/h1>\n<p><strong>Raison sociale<\/strong> : Automobiles Caveng<br><strong>Adresse<\/strong> : Route de Jussy 33 &#8211; 1226 Th\u00f4nex<br><strong>T\u00e9l\u00e9phone<\/strong> : <a href=\"tel:+41 22 349 30 55\">+41 22 349 30 55<\/a><\/p>\n<p>Le site Internet Automobiles Caveng Centre Occasions Certified est le site de la soci\u00e9t\u00e9 Automobiles Caveng.<\/p>\n<p><strong>Directeur de publication<\/strong> : <a href=\"https:\/\/www.ggcommunications.ch\/\" target=\"_blank\" rel=\"noopener\">G&amp;G communications<\/a><br><strong>Cr\u00e9ation<\/strong>&nbsp;:&nbsp;<a href=\"https:\/\/www.ggcommunications.ch\/\" target=\"_blank\" rel=\"noopener\">G&amp;G communications<\/a><\/p>\n<h3>DROITS D\u2019AUTEUR<\/h3>\n<p>L\u2019ensemble de ce site rel\u00e8ve de la l\u00e9gislation suisse et internationale sur le droit d\u2019auteur et la propri\u00e9t\u00e9 intellectuelle. Tous les droits de reproduction sont r\u00e9serv\u00e9s, y compris les documents t\u00e9l\u00e9chargeables et les repr\u00e9sentations iconographiques et photographiques. La reproduction de tout ou partie de ce site sur un support \u00e9lectronique, quel qu\u2019il soit, est formellement interdite, sauf autorisation expresse du directeur de la publication.<\/p>\n<h3>PROTECTION DES DONN\u00c9ES PERSONNELLES<\/h3>\n<p>Aucune information personnelle n\u2019est collect\u00e9e \u00e0 votre insu. Aucune information personnelle n\u2019est c\u00e9d\u00e9e \u00e0 des tiers. Aucune information personnelle n\u2019est utilis\u00e9e \u00e0 des fins non pr\u00e9vues. Les informations qui vous sont demand\u00e9es lors de l\u2019abonnement aux publications et lettres d\u2019information du site sont indispensables pour l\u2019acc\u00e8s \u00e0 ces documents.<br>Ces informations ont pour seul destinataire Automobiles Caveng Centre Occasions Certified aupr\u00e8s de laquelle peuvent s\u2019exercer les droits d\u2019acc\u00e8s et de rectification.<br>Les adresses de tous types (postales ou courrier \u00e9lectronique) ne pourront \u00eatre c\u00e9d\u00e9es en aucun cas \u00e0 des tiers ou communiqu\u00e9es \u00e0 des fins non pr\u00e9vues.<br>Conform\u00e9ment \u00e0 nouvelle loi sur la protection des donn\u00e9es (LPD) du 1er septembre 2023 relative \u00e0 l\u2019informatique, aux fichiers et aux libert\u00e9s, vous disposez d\u2019un droit d\u2019acc\u00e8s et de rectifications aux informations vous concernant aupr\u00e8s du responsable de la publication. Pour exercer ce droit, le Client peut envoyer un courrier \u00e9lectronique dans la section \u201cnous contacter\u201d.<\/p>\n<h3>MODIFICATION DU SITE<\/h3>\n<p>L\u2019\u00e9quipe \u00e9ditoriale se r\u00e9serve le droit de modifier ou de corriger le contenu de ce site et cette mention l\u00e9gale \u00e0 tout moment et ceci sans pr\u00e9avis.<\/p>\n<h3>EXON\u00c9RATION DE RESPONSABILIT\u00c9<\/h3>\n<p>Il appartient \u00e0 l\u2019utilisateur de ce site de prendre toutes les mesures appropri\u00e9es de fa\u00e7on \u00e0 prot\u00e9ger ses propres donn\u00e9es et\/ou logiciels de contamination par d\u2019\u00e9ventuels virus circulant sur le r\u00e9seau Internet. Automobiles Caveng Centre Occasions Certified ne pourra \u00eatre tenu responsable des dommages directs ou indirects r\u00e9sultant de l\u2019usage de ce site Internet. Ce site Internet est r\u00e9gi par le droit suisse.<\/p>\n<h3>H\u00c9BERGEMENT WEB<\/h3>\n<p>Automobiles Caveng Centre Occasions Certified est h\u00e9berg\u00e9 par :<br>INFOMANIAK<br>Rue Eug\u00e8ne-Marziano 25 1227 Gen\u00e8ve, Suisse<br>+41 22 820 35 44<\/p>\t\t\t\t\t\t\t\t<\/div>\n\t\t\t\t<\/div>\n\t\t\t\t\t<\/div>\n\t\t<\/div>\n\t\t\t\t\t<\/div>\n\t\t<\/section>\n\t\t\t\t<\/div>\n\t\t","protected":false},"excerpt":{"rendered":"<p>MENTIONS L\u00c9GALES Raison sociale : Automobiles CavengAdresse : Route de Jussy 33 &#8211; 1226 Th\u00f4nexT\u00e9l\u00e9phone : +41 22 349 30 55 Le site Internet Automobiles Caveng Centre Occasions Certified est le site de la soci\u00e9t\u00e9 Automobiles Caveng. Directeur de publication : G&amp;G communicationsCr\u00e9ation&nbsp;:&nbsp;G&amp;G communications DROITS D\u2019AUTEUR L\u2019ensemble de ce site rel\u00e8ve de la l\u00e9gislation suisse [&hellip;]<\/p>\n","protected":false},"author":1,"featured_media":0,"parent":0,"menu_order":0,"comment_status":"closed","ping_status":"closed","template":"","meta":{"footnotes":""},"class_list":["post-11140","page","type-page","status-publish","hentry"],"yoast_head":"<!-- This site is optimized with the Yoast SEO plugin v26.2 - https:\/\/yoast.com\/wordpress\/plugins\/seo\/ -->\n<title>Mentions l\u00e9gales | Centre Occasions Mercedes-Benz Certified Gen\u00e8ve<\/title>\n<meta name=\"robots\" content=\"index, follow, max-snippet:-1, max-image-preview:large, max-video-preview:-1\" \/>\n<link rel=\"canonical\" href=\"https:\/\/www.automobiles-caveng.ch\/centre-occasion\/mentions-legales\/\" \/>\n<meta property=\"og:locale\" content=\"fr_FR\" \/>\n<meta property=\"og:type\" content=\"article\" \/>\n<meta property=\"og:title\" content=\"Mentions l\u00e9gales | Centre Occasions Mercedes-Benz Certified Gen\u00e8ve\" \/>\n<meta property=\"og:description\" content=\"MENTIONS L\u00c9GALES Raison sociale : Automobiles CavengAdresse : Route de Jussy 33 &#8211; 1226 Th\u00f4nexT\u00e9l\u00e9phone : +41 22 349 30 55 Le site Internet Automobiles Caveng Centre Occasions Certified est le site de la soci\u00e9t\u00e9 Automobiles Caveng. Directeur de publication : G&amp;G communicationsCr\u00e9ation&nbsp;:&nbsp;G&amp;G communications DROITS D\u2019AUTEUR L\u2019ensemble de ce site rel\u00e8ve de la l\u00e9gislation suisse [&hellip;]\" \/>\n<meta property=\"og:url\" content=\"https:\/\/www.automobiles-caveng.ch\/centre-occasion\/mentions-legales\/\" \/>\n<meta property=\"og:site_name\" content=\"Centre Occasions Mercedes-Benz Certified Gen\u00e8ve\" \/>\n<meta property=\"article:publisher\" content=\"https:\/\/www.facebook.com\/centreoccasionscaveng\/\" \/>\n<meta property=\"article:modified_time\" content=\"2023-10-16T14:53:56+00:00\" \/>\n<meta property=\"og:image\" content=\"https:\/\/www.automobiles-caveng.ch\/centre-occasion\/wp-content\/uploads\/2023\/07\/SL-AMG.jpg\" \/>\n\t<meta property=\"og:image:width\" content=\"1928\" \/>\n\t<meta property=\"og:image:height\" content=\"1293\" \/>\n\t<meta property=\"og:image:type\" content=\"image\/jpeg\" \/>\n<meta name=\"twitter:card\" content=\"summary_large_image\" \/>\n<meta name=\"twitter:label1\" content=\"Dur\u00e9e de lecture estim\u00e9e\" \/>\n\t<meta name=\"twitter:data1\" content=\"2 minutes\" \/>\n<script type=\"application\/ld+json\" class=\"yoast-schema-graph\">{\"@context\":\"https:\/\/schema.org\",\"@graph\":[{\"@type\":\"WebPage\",\"@id\":\"https:\/\/www.automobiles-caveng.ch\/centre-occasion\/mentions-legales\/\",\"url\":\"https:\/\/www.automobiles-caveng.ch\/centre-occasion\/mentions-legales\/\",\"name\":\"Mentions l\u00e9gales | Centre Occasions Mercedes-Benz Certified Gen\u00e8ve\",\"isPartOf\":{\"@id\":\"https:\/\/www.automobiles-caveng.ch\/centre-occasion\/#website\"},\"datePublished\":\"2023-09-29T09:06:24+00:00\",\"dateModified\":\"2023-10-16T14:53:56+00:00\",\"breadcrumb\":{\"@id\":\"https:\/\/www.automobiles-caveng.ch\/centre-occasion\/mentions-legales\/#breadcrumb\"},\"inLanguage\":\"fr-FR\",\"potentialAction\":[{\"@type\":\"ReadAction\",\"target\":[\"https:\/\/www.automobiles-caveng.ch\/centre-occasion\/mentions-legales\/\"]}]},{\"@type\":\"BreadcrumbList\",\"@id\":\"https:\/\/www.automobiles-caveng.ch\/centre-occasion\/mentions-legales\/#breadcrumb\",\"itemListElement\":[{\"@type\":\"ListItem\",\"position\":1,\"name\":\"Accueil\",\"item\":\"https:\/\/www.automobiles-caveng.ch\/centre-occasion\/\"},{\"@type\":\"ListItem\",\"position\":2,\"name\":\"Mentions l\u00e9gales\"}]},{\"@type\":\"WebSite\",\"@id\":\"https:\/\/www.automobiles-caveng.ch\/centre-occasion\/#website\",\"url\":\"https:\/\/www.automobiles-caveng.ch\/centre-occasion\/\",\"name\":\"Centre Occasions Mercedes-Benz Certified Gen\u00e8ve\",\"description\":\"\",\"publisher\":{\"@id\":\"https:\/\/www.automobiles-caveng.ch\/centre-occasion\/#organization\"},\"potentialAction\":[{\"@type\":\"SearchAction\",\"target\":{\"@type\":\"EntryPoint\",\"urlTemplate\":\"https:\/\/www.automobiles-caveng.ch\/centre-occasion\/?s={search_term_string}\"},\"query-input\":{\"@type\":\"PropertyValueSpecification\",\"valueRequired\":true,\"valueName\":\"search_term_string\"}}],\"inLanguage\":\"fr-FR\"},{\"@type\":\"Organization\",\"@id\":\"https:\/\/www.automobiles-caveng.ch\/centre-occasion\/#organization\",\"name\":\"Centre Occasions Mercedes-Benz Certified Gen\u00e8ve\",\"url\":\"https:\/\/www.automobiles-caveng.ch\/centre-occasion\/\",\"logo\":{\"@type\":\"ImageObject\",\"inLanguage\":\"fr-FR\",\"@id\":\"https:\/\/www.automobiles-caveng.ch\/centre-occasion\/#\/schema\/logo\/image\/\",\"url\":\"https:\/\/www.automobiles-caveng.ch\/centre-occasion\/wp-content\/uploads\/2023\/08\/Caveng-logo-noir-copie-2.png\",\"contentUrl\":\"https:\/\/www.automobiles-caveng.ch\/centre-occasion\/wp-content\/uploads\/2023\/08\/Caveng-logo-noir-copie-2.png\",\"width\":3067,\"height\":1277,\"caption\":\"Centre Occasions Mercedes-Benz Certified Gen\u00e8ve\"},\"image\":{\"@id\":\"https:\/\/www.automobiles-caveng.ch\/centre-occasion\/#\/schema\/logo\/image\/\"},\"sameAs\":[\"https:\/\/www.facebook.com\/centreoccasionscaveng\/\",\"https:\/\/www.tiktok.com\/@centreoccasionscaveng?is_from_webapp=1&sender_device=pc\",\"https:\/\/www.instagram.com\/centre_occasions_caveng\/\"]}]}<\/script>\n<!-- \/ Yoast SEO plugin. -->","yoast_head_json":{"title":"Mentions l\u00e9gales | Centre Occasions Mercedes-Benz Certified Gen\u00e8ve","robots":{"index":"index","follow":"follow","max-snippet":"max-snippet:-1","max-image-preview":"max-image-preview:large","max-video-preview":"max-video-preview:-1"},"canonical":"https:\/\/www.automobiles-caveng.ch\/centre-occasion\/mentions-legales\/","og_locale":"fr_FR","og_type":"article","og_title":"Mentions l\u00e9gales | Centre Occasions Mercedes-Benz Certified Gen\u00e8ve","og_description":"MENTIONS L\u00c9GALES Raison sociale : Automobiles CavengAdresse : Route de Jussy 33 &#8211; 1226 Th\u00f4nexT\u00e9l\u00e9phone : +41 22 349 30 55 Le site Internet Automobiles Caveng Centre Occasions Certified est le site de la soci\u00e9t\u00e9 Automobiles Caveng. Directeur de publication : G&amp;G communicationsCr\u00e9ation&nbsp;:&nbsp;G&amp;G communications DROITS D\u2019AUTEUR L\u2019ensemble de ce site rel\u00e8ve de la l\u00e9gislation suisse [&hellip;]","og_url":"https:\/\/www.automobiles-caveng.ch\/centre-occasion\/mentions-legales\/","og_site_name":"Centre Occasions Mercedes-Benz Certified Gen\u00e8ve","article_publisher":"https:\/\/www.facebook.com\/centreoccasionscaveng\/","article_modified_time":"2023-10-16T14:53:56+00:00","og_image":[{"width":1928,"height":1293,"url":"https:\/\/www.automobiles-caveng.ch\/centre-occasion\/wp-content\/uploads\/2023\/07\/SL-AMG.jpg","type":"image\/jpeg"}],"twitter_card":"summary_large_image","twitter_misc":{"Dur\u00e9e de lecture estim\u00e9e":"2 minutes"},"schema":{"@context":"https:\/\/schema.org","@graph":[{"@type":"WebPage","@id":"https:\/\/www.automobiles-caveng.ch\/centre-occasion\/mentions-legales\/","url":"https:\/\/www.automobiles-caveng.ch\/centre-occasion\/mentions-legales\/","name":"Mentions l\u00e9gales | Centre Occasions Mercedes-Benz Certified Gen\u00e8ve","isPartOf":{"@id":"https:\/\/www.automobiles-caveng.ch\/centre-occasion\/#website"},"datePublished":"2023-09-29T09:06:24+00:00","dateModified":"2023-10-16T14:53:56+00:00","breadcrumb":{"@id":"https:\/\/www.automobiles-caveng.ch\/centre-occasion\/mentions-legales\/#breadcrumb"},"inLanguage":"fr-FR","potentialAction":[{"@type":"ReadAction","target":["https:\/\/www.automobiles-caveng.ch\/centre-occasion\/mentions-legales\/"]}]},{"@type":"BreadcrumbList","@id":"https:\/\/www.automobiles-caveng.ch\/centre-occasion\/mentions-legales\/#breadcrumb","itemListElement":[{"@type":"ListItem","position":1,"name":"Accueil","item":"https:\/\/www.automobiles-caveng.ch\/centre-occasion\/"},{"@type":"ListItem","position":2,"name":"Mentions l\u00e9gales"}]},{"@type":"WebSite","@id":"https:\/\/www.automobiles-caveng.ch\/centre-occasion\/#website","url":"https:\/\/www.automobiles-caveng.ch\/centre-occasion\/","name":"Centre Occasions Mercedes-Benz Certified Gen\u00e8ve","description":"","publisher":{"@id":"https:\/\/www.automobiles-caveng.ch\/centre-occasion\/#organization"},"potentialAction":[{"@type":"SearchAction","target":{"@type":"EntryPoint","urlTemplate":"https:\/\/www.automobiles-caveng.ch\/centre-occasion\/?s={search_term_string}"},"query-input":{"@type":"PropertyValueSpecification","valueRequired":true,"valueName":"search_term_string"}}],"inLanguage":"fr-FR"},{"@type":"Organization","@id":"https:\/\/www.automobiles-caveng.ch\/centre-occasion\/#organization","name":"Centre Occasions Mercedes-Benz Certified Gen\u00e8ve","url":"https:\/\/www.automobiles-caveng.ch\/centre-occasion\/","logo":{"@type":"ImageObject","inLanguage":"fr-FR","@id":"https:\/\/www.automobiles-caveng.ch\/centre-occasion\/#\/schema\/logo\/image\/","url":"https:\/\/www.automobiles-caveng.ch\/centre-occasion\/wp-content\/uploads\/2023\/08\/Caveng-logo-noir-copie-2.png","contentUrl":"https:\/\/www.automobiles-caveng.ch\/centre-occasion\/wp-content\/uploads\/2023\/08\/Caveng-logo-noir-copie-2.png","width":3067,"height":1277,"caption":"Centre Occasions Mercedes-Benz Certified Gen\u00e8ve"},"image":{"@id":"https:\/\/www.automobiles-caveng.ch\/centre-occasion\/#\/schema\/logo\/image\/"},"sameAs":["https:\/\/www.facebook.com\/centreoccasionscaveng\/","https:\/\/www.tiktok.com\/@centreoccasionscaveng?is_from_webapp=1&sender_device=pc","https:\/\/www.instagram.com\/centre_occasions_caveng\/"]}]}},"_links":{"self":[{"href":"https:\/\/www.automobiles-caveng.ch\/centre-occasion\/wp-json\/wp\/v2\/pages\/11140","targetHints":{"allow":["GET"]}}],"collection":[{"href":"https:\/\/www.automobiles-caveng.ch\/centre-occasion\/wp-json\/wp\/v2\/pages"}],"about":[{"href":"https:\/\/www.automobiles-caveng.ch\/centre-occasion\/wp-json\/wp\/v2\/types\/page"}],"author":[{"embeddable":true,"href":"https:\/\/www.automobiles-caveng.ch\/centre-occasion\/wp-json\/wp\/v2\/users\/1"}],"replies":[{"embeddable":true,"href":"https:\/\/www.automobiles-caveng.ch\/centre-occasion\/wp-json\/wp\/v2\/comments?post=11140"}],"version-history":[{"count":0,"href":"https:\/\/www.automobiles-caveng.ch\/centre-occasion\/wp-json\/wp\/v2\/pages\/11140\/revisions"}],"wp:attachment":[{"href":"https:\/\/www.automobiles-caveng.ch\/centre-occasion\/wp-json\/wp\/v2\/media?parent=11140"}],"curies":[{"name":"wp","href":"https:\/\/api.w.org\/{rel}","templated":true}]}}